t d be 10*(-16)/40 - 14/(-2). Suppose 5*n - 625 = k, 50 = n + d*k - 91. List the prime factors of n.
2, 3, 7
Let v(x) = 288*x**2 - 36*x - 174. What are the prime factors of v(13)?
2, 3, 5, 1601
Let a(d) = 11*d + 459. Let s be a(-41). List the prime factors of ((-574)/s - -5)*-4.
3, 89
Let t = 312 - 296. List the prime factors of 63 + t + -9 - (-5)/(-1).
5, 13
What are the prime factors of (-4)/2 + (-3 + 6 - -4170)?
43, 97
Let i(m) = 8*m + 98. Let w be i(-12). Suppose 4*j = w*g - 1248, 3*j + 794 = -3*g + 2621. List the prime factors of g.
2, 307
Suppose -11*f + 137 = 49. List the prime factors of ((0 - 3) + f)*(-843)/(-3).
5, 281
Let u = 2212 + 680. What are the prime factors of u?
2, 3, 241
Let s = 30811 + 32. What are the prime factors of s?
3, 23, 149
Let w = -16870 + 25372. List the prime factors of w.
2, 3, 13, 109
Let b(z) = 19*z**2 - 90*z + 76. List the prime factors of b(22).
2, 1823
List the prime factors of 34/(-2) - (-14663 - -140).
2, 7253
Suppose 159*o - 160*o = -6, -4*x + 3*o + 60106 = 0. List the prime factors of x.
15031
Let t(j) = 1510*j**2 + 13*j - 36. What are the prime factors of t(2)?
2, 3, 5, 67
Let i(j) = -3*j**2 + 11*j + 16. Let f be i(5). List the prime factors of (144/40)/(f/(-20)).
2, 3
Suppose 2740*t - 2719*t = 182952. What are the prime factors of t?
2, 3, 11
Let d = 440 + -475. List the prime factors of (1 + 1172)/(8 + d/5).
3, 17, 23
Suppose 0 = v - 4*h + 7*h - 82, 5*h = -2*v + 165. Let d be v - ((3 - 4) + -3). Suppose 0*i = -i + j + d, 0 = 2*i + 3*j - 163. List the prime factors of i.
2, 43
Let m = 831 + -848. Let c = -75 + 206. Let w = m + c. List the prime factors of w.
2, 3, 19
Let u = 172 + -95. Let d = 71 - u. List the prime factors of 282/(-8)*2/d*8.
2, 47
Let g be (-1)/(-3) + 86/129. What are the prime factors of (-3)/g + (260*2)/2?
257
List the prime factors of 148/6*14*18.
2, 3, 7, 37
What are the prime factors of -41 + 86983 - (-4 - 8)?
2, 7, 6211
Let b(y) = -30*y + 8. Let d(g) = -59*g + 16. Let h(q) = -13*b(q) + 6*d(q). What are the prime factors of h(4)?
2, 17
Let u = 426 + -290. Let i = 393 - u. List the prime factors of i.
257
Let m = 85 + -44. Suppose 4*p + 2*u + 36 = 0, -7 = 4*p + 5*u + m. What are the prime factors of (-1059)/(-21) - (-3)/p?
2, 5
Suppose 0 = -42*o + 36*o + 5928. Suppose -p + b = -436, 5*p + 2*b - 1185 - o = 0. List the prime factors of p.
3, 5, 29
Suppose 48970 = 18*i + 14248. What are the prime factors of i?
3, 643
Suppose -2002478 = -169*v - 721458. List the prime factors of v.
2, 5, 379
Let b(q) = q + 5. Let v(z) = 6. Let h(w) = -5*b(w) + 6*v(w). What are the prime factors of h(-15)?
2, 43
Let w(t) = -570*t + 299. List the prime factors of w(-14).
17, 487
Let g(p) = 99*p**2 - 263*p + 115. List the prime factors of g(22).
5, 7, 17, 71
Let v(i) = -2*i**2 - 13*i - 4. Let n be v(-10). Let d = 281 - n. Suppose 29 = 4*h - d. List the prime factors of h.
2, 3
Let a be -5 - -7 - 1*(-1)/(-1). Suppose -1 = u + a. What are the prime factors of (-4)/(-8)*(u + 0) - -72?
71
What are the prime factors of -3 + 7 + (-7774)/(-8) + (-6)/8?
3, 5, 13
Suppose -3*s = -7*s - 0*s. List the prime factors of 220 - (-1 - -5 - s - 2).
2, 109
Let w = -120 + 117. Let i(d) = d - 1. Let v be i(w). Let s(l) = 2*l**2 + 5*l + 31. List the prime factors of s(v).
43
Suppose 114 = 8*c - 78. Suppose s - 30 = c. Let n = s - 28. What are the prime factors of n?
2, 13
Suppose 0 = -15*j + 3*w + 871272, -2*w + 90927 = -4*j + 323259. List the prime factors of j.
2, 3, 7, 461
Suppose 4*k - 3*t = -2 - 5, 0 = -4*k - t + 13. Let n be -3*k/(-1 - 27/(-29)). Let u = 176 - n. What are the prime factors of u?
89
Let u(b) = -b + 10. Let n(p) = -12*p + 23. Let m(x) = -2*n(x) + 2*u(x). Let y(a) = a**2 - 11*a - 2. Let v be y(12). List the prime factors of m(v).
2, 97
What are the prime factors of 11430 - 5 - -12 - 11?
2, 29, 197
Suppose -488*m = -253*m - 242*m + 268471. List the prime factors of m.
7, 5479
Let h(z) = 2*z + 9. Let v be h(5). Suppose v*p - 7315 = 14*p. What are the prime factors of (-1)/(-7) + p/49?
2, 3, 5
Let f be ((-60)/(-24))/(2/(-4)). What are the prime factors of f + (-15)/(-3) - -428?
2, 107
Let o = -540 - -879. Let f = o - 270. List the prime factors of f.
3, 23
Let k(b) = -13227*b - 238. Let x be k(-4). What are the prime factors of (-40)/15 - x/(-30)?
1753
Let o(t) be the first derivative of -279*t**2/2 - 40*t - 58. List the prime factors of o(-3).
797
What are the prime factors of (4/5 + (-331544)/(-120))/(5/15)?
8291
Suppose -4*f - 4*q + 18 = -2*f, -5*f + 2*q + 21 = 0. Suppose -f*b = -10*g + 6*g - 2021, b + 2*g - 407 = 0. What are the prime factors of b?
3, 5
Let w(q) = 5*q**2 - 8*q - 509. List the prime factors of w(41).
2, 11, 43
Suppose 0 = 2*d - 3*s + 9, -5*s + 31 = 2*d - 0. Suppose -d*j = -5*j + 22. Suppose 0*l - j*l = -2728. What are the prime factors of l?
2, 31
Suppose -7*y = -16 - 12. Suppose 2*g = -2*v + 2192, y = -2*v + 10. What are the prime factors of g?
1093
Let m be 1 - -123*(-12)/4. Let x = -162 - m. List the prime factors of x.
2, 103
Let f(i) = -28*i + 138. Let u be f(37). Let w = -603 - u. What are the prime factors of w?
5, 59
Suppose -153272 = -20*h + 13388. What are the prime factors of h?
13, 641
Suppose -14*h = u - 9*h - 270, -3*h = -4*u + 1195. Let n = u + -241. What are the prime factors of n?
2, 3
Let v(k) = 414*k**2 + 111*k + 28. What are the prime factors of v(9)?
17, 19, 107
Suppose -2*q + 4*q - 8 = 0. Let r(w) = 3*w**2 + 7*w - 12. Let d(p) = 2*p**2 + 8*p - 11. Let u(s) = q*d(s) - 3*r(s). List the prime factors of u(4).
2, 5
List the prime factors of ((9/36)/(5/1305))/(3/496).
2, 3, 29, 31
Let j(m) = -3*m**3 + 34*m**2 + 353*m - 16. What are the prime factors of j(-18)?
2, 11071
Let j(b) = -b**3 + 7*b**2 + 9*b - 5. Let k be j(8). List the prime factors of (14 - -1)/k + 180.
5, 37
Let l(i) = -141*i - 146. Let f(v) = 140*v + 141. Let z(n) = 4*f(n) + 5*l(n). List the prime factors of z(-6).
2, 11
Suppose 0 = w + 8 - 32. Let p be 5/(-20) - (-414)/w. Suppose 3*m - 2*m - 7 = z, m = -z + p. List the prime factors of m.
2, 3
Suppose 0 = -5*r + 3*r - 5*g + 16, -3*g = -6. List the prime factors of (-4 + -5)/((r/(-109))/3).
3, 109
Let b(m) be the third derivative of 37*m**4/24 - 25*m**3/6 + m**2. Let l(g) = 2*g**3 + 7*g**2 - 17*g - 4. Let f be l(2). List the prime factors of b(f).
197
Suppose -3*k + 8 = 8. Suppose -2*z = -2*i - 6*z + 1350, -3*z - 15 = k. What are the prime factors of i?
5, 137
Suppose -60*r = 52*r - 2056096. What are the prime factors of r?
2, 67, 137
Suppose 0 = -8*z + 11*z - 4*v - 20, -2*z - 3*v + 2 = 0. Suppose -2*s = z*j - 7*s - 4902, s = -2. What are the prime factors of j?
1223
Let z(b) = 18*b**2 + 27*b - 294. List the prime factors of z(18).
2, 3, 251
What are the prime factors of (-1 - 5/10)*74840/(-15) - 3?
7481
Suppose 54 = -3*l + 306. Suppose v + 5*v = l. Let s = v + -7. List the prime factors of s.
7
Let y = -44 + 8. Let d be (-2)/((-8)/y*-3 - 0). Suppose -g + m = -3*m - 44, -3*m = -d*g + 177. List the prime factors of g.
2
Let w be (0/(-5 - -2))/((-4)/(-2)). Suppose w = 24*b - 22*b + 494. Let f = 410 + b. List the prime factors of f.
163
Suppose 10*b = 12*b + 538. Let u be 21/(-210) - b/(-10). What are the prime factors of -9*(u - (3 - (-30)/(-9)))?
2, 3, 5
Let v be 9 + ((-12)/2 - -3). Suppose -6*p + 9*p = v. Suppose 364 = 4*i - 4*w, -3*w = -p*i + 2*w + 185. List the prime factors of i.
2, 3, 5
Let l(c) = -1967*c + 191. List the prime factors of l(-10).
19861
Let z(i) = 4227*i**2 - 12*i - 36. List the prime factors of z(-2).
2, 3, 11
Let j = 10156 - 8569. List the prime factors of j.
3, 23
Let z(g) = 32*g**2 - 102*g + 8. What are the prime factors of z(-15)?
2, 17, 257
Suppose -i + 5*x + 151 = 0, -3*x = 3*i - 4*x - 495. Let z = -57 + i. What are the prime factors of z?
109
Let v be (-2)/10 - 16/20. Let k(u) = -73*u - 572. Let c be k(-10). List the prime factors of v/(-2)*0/5 + c.
2, 79
Let m = 5506 - 2198. What are the prime factors of m?
2, 827
Let o(y) = y**2 - 171. Let x be o(13). List the prime factors of (-131 + x + 6)*(2 - 3).
127
Let g(f) = -2*f - 17. Let m be g(-16). Let s(k) = -6 + 33*k - 11 - 12 + m. List the prime factors of s(7).
7, 31
Suppose 4*h = 2*z - 42, -72*h + 76*h = 4*z - 52. Let f(l) = 3*l**2 + 23*l + 48. List the prime factors of f(h)